at is 3d0 - 10405?
-10025
In base 13, what is -2529 - 5970?
-8199
In base 12, what is 4 + -17b5089?
-17b5085
In base 5, what is -3 - 440444113124?
-440444113132
In base 5, what is 421111101 - -21?
421111122
In base 14, what is 2b6 + 1c94?
216a
In base 4, what is -1111100102112 - 0?
-1111100102112
In base 6, what is -202454041 - -14?
-202454023
In base 10, what is 888 + 12260?
13148
In base 4, what is -13132311 - 133?
-13133110
In base 3, what is 1002200 - 100020222210?
-100012220010
In base 3, what is 1 + 110002012211111010?
110002012211111011
In base 11, what is -101030 + 196?
-100945
In base 12, what is -163b27 + 11?
-163b16
In base 13, what is 7602 - -219?
781b
In base 9, what is -232 - -8514?
8272
In base 13, what is 3a84c6c - 0?
3a84c6c
In base 2, what is 101111111110 - 111110000111?
-1110001001
In base 13, what is 142a0 - 281?
1401c
In base 10, what is -2 - 226016592?
-226016594
In base 13, what is -aa + -60237?
-60314
In base 16, what is -1fa14 + -44d?
-1fe61
In base 6, what is 3 - -1002055434?
1002055441
In base 16, what is 5 - -1679076b?
16790770
In base 12, what is 106 - -2a748?
2a852
In base 13, what is a52 - -30602?
31354
In base 9, what is 3187242 + 15?
3187257
In base 2, what is -10 + -100101110101111010101101101?
-100101110101111010101101111
In base 3, what is 10100120122 + 111011?
10101001210
In base 16, what is 35c33e + -1a?
35c324
In base 12, what is 8 + -170282a?
-1702822
In base 7, what is -24605530 - 4?
-24605534
In base 16, what is -10 - -53b5b?
53b4b
In base 11, what is -2387538 + 0?
-2387538
In base 5, what is 4 - 11021313342?
-11021313333
In base 9, what is 770043 + -254?
768678
In base 7, what is 332 + -1545460?
-1545125
In base 5, what is 301300 + -3324?
242421
In base 12, what is -26554 + -13b?
-26693
In base 11, what is 110995573 - -3?
110995576
In base 3, what is 1 - -11210012211200011?
11210012211200012
In base 12, what is 576737 + -208?
57652b
In base 6, what is -301 - 352422?
-353123
In base 14, what is -c0a0bc + -21?
-c0a0dd
In base 14, what is -19b9c90 - 5?
-19b9c95
In base 8, what is 3 - -62011674?
62011677
In base 2, what is 1001000101011000011111000 - 1001?
1001000101011000011101111
In base 13, what is 2a985 + 44?
2a9c9
In base 4, what is -131 + 231301021?
231300230
In base 15, what is 706 - -2554d?
25c54
In base 8, what is 67122353 + 3?
67122356
In base 8, what is 1736551423 - 5?
1736551416
In base 14, what is -2150 + -c8a9?
-10a19
In base 13, what is -608c4 - -100?
-607c4
In base 13, what is 22 + -1c1437?
-1c1415
In base 4, what is -1011 - -101112122?
101111111
In base 6, what is -3 - 1104300352?
-1104300355
In base 11, what is 28a387 + -8?
28a37a
In base 12, what is -6128 + -b561?
-15689
In base 9, what is -116 - -40435?
40318
In base 7, what is 22266 - -132?
22431
In base 2, what is -1110011100 + 10110101000100010?
10110011010000110
In base 6, what is -1535004 + -114?
-1535122
In base 12, what is 135 + 92b41?
93076
In base 15, what is 89 + -50c335?
-50c29b
In base 3, what is 122102 - 12201121201?
-12200222022
In base 12, what is 2a + 555b0b?
555b39
In base 8, what is 24520063 + 0?
24520063
In base 13, what is 2 - -1cc98713?
1cc98715
In base 11, what is -2 + -1240255?
-1240257
In base 7, what is -3 - -345623110?
345623104
In base 6, what is 230432124 + 5?
230432133
In base 12, what is -1 + 732a7?
732a6
In base 14, what is c39 - -16b1b?
17956
In base 16, what is -6 - -52312?
5230c
In base 5, what is -121 - -12414104?
12413433
In base 8, what is -707245 + 32?
-707213
In base 11, what is 5a851 + 1114?
60965
In base 12, what is -b71b373 - -2?
-b71b371
In base 6, what is 0 + -433321001?
-433321001
In base 12, what is -136b + -3737?
-4aa6
In base 9, what is 1235 + -4211?
-2865
In base 2, what is 110 + -100010010111100000010001?
-100010010111100000001011
In base 3, what is 1001 + -11202102020?
-11202101012
In base 10, what is 1426 + 14235?
15661
In base 16, what is 26a6febc - 4?
26a6feb8
In base 13, what is -10739633 + 3?
-10739630
In base 14, what is 2c - 605ca?
-6059c
In base 5, what is -3224 - -421213?
412434
In base 15, what is 3a88 - -79e?
4337
In base 10, what is -11685446 - 2?
-11685448
In base 13, what is -78a - a0b4?
-a871
In base 4, what is -322110223 - -1031?
-322103132
In base 5, what is 1423 - 1101030030?
-1101023102
In base 11, what is 10650 + 8a1?
11441
In base 15, what is -10cc + 2c8?
-d04
In base 16, what is 6 - -13bb9e?
13bba4
In base 16, what is 44d25c + 0?
44d25c
In base 9, what is 5 - -13418511?
13418516
In base 4, what is -12 + 2101103111?
2101103033
In base 16, what is -37b70 + -39?
-37ba9
In base 13, what is -1852 + 5c92?
4440
In base 9, what is 806 + 11786?
12703
In base 7, what is -105460 + -1246?
-110036
In base 13, what is 7015c0 + -12?
7015ab
In base 3, what is -12200221020022 - -1000?
-12200221012022
In base 12, what is -16b0 - 2766?
-4256
In base 15, what is -4302 - -d83?
-346e
In base 12, what is -549a71 - 5a?
-549b0b
In base 4, what is 2 + -123312321202?
-123312321200
In base 4, what is -1300 - -11122033?
11120133
In base 16, what is 9a11 - -17e?
9b8f
In base 6, what is 112215354 - 13?
112215341
In base 3, what is 20101 - 102121221012?
-102121200211
In base 15, what is -8ab036 + 0?
-8ab036
In base 14, what is -d0b - -3c1a?
2d0d
In base 14, what is 7 - 3c9875a?
-3c98753
In base 14, what is -2d7a - 49b9?
-7955
In base 2, what is -1100001110011101001101 - 1111?
-1100001110011101011100
In base 10, what is 192146105 - 4?
192146101
In base 2, what is 10010101000011110 + -1100011100?
10010011100000010
In base 9, what is -37675478 - 3?
-37675482
In base 7, what is -115136623 - 22?
-115136645
In base 11, what is -1 - -16214758?
16214757
In base 15, what is 4cbe - e7?
4bc7
In base 13, what is 42c5c + 8b?
4301a
In base 13, what is -95 - 3588a3?
-358968
In base 7, what is 66 + -301143?
-301044
In base 8, what is -11432 + 203451?
172017
In base 7, what is 623161 - -24?
623215
In base 7, what is -11 - 2410202?
-2410213
In base 13, what is -76c9 + 299c?
-4a2a
In base 6, what is -4 + 253450023?
253450015
In base 4, what is 130213101201 - 2?
130213101133
In base 3, what is -11 + 1012110121?
1012110110
In base 6, what is 415551523 - 4?
415551515
In base 4, what is 12030 - 1100200?
-1022110
In base 8, what is -70053 - 60500?
-150553
In base 16, what is -12 - -254da?
254c8
In base 7, what is -5 + 6605002?
6604664
In base 11, what is 13139 - 172?
12a77
In base 14, what is 141b87 + -119?
141a6c
In base 8, what is -12727 + -4263?
-17212
In base 3, what is -121 - 10210002202011?
-10210002202202
In base 6, what is -33 - -2104254421?
2104254344
In base 3, what is -2200221 + -2110020221?
-2112221212
In base 4, what is -121132011223011 - 1?
-121132011223012
In base 7, what is -34523164 + -42?
-34523236
In base 14, what is -4b8 - 439?
-913
In base 16, what is -152bc7 + 124?
-152aa3
In base 9, what is -1 + 35481256?
35481255
In base 2, what is -110110 - 10010000000000011?
-10010000000111001
In base 3, what is 2010211211020010 + -10?
2010211211020000
In base 10, what is 987 + 867142?
868129
In base 10, what is -830 + 4362?
3532
In base 9, what is 18 - 55735?
-55716
In base 2, what is -11101 + -1011000001011000?
-1011000001110101
In base 2, what is 101011110111 - -11101001111100?
100010101110011
In base 5, what is 0 + -1014144222002?
-1014144222002
In base 16, what is a8f + -24595?
-23b06
In base 10, what is 20714712 - 5?
20714707
In base 10, what is 6 + -117980362?
-117980356
In base 8, what is -3 + 21173104?
21173101
In base 4, what is 33232321131223 + 1?
33232321131230
In base 10, what is 16886 - -4027?
20913
In base 9, what is 5173756 + -1?
5173755
In base 5, what is -1212031 - 410?
-1212441
In base 12, what is 590b - -55a?
6269
In base 11, what is 33281 + -563?
32819
In base 6, what is -33001 + -20015?
-53020
In base 16, what is -3 - -d5630d?
d5630a
In base 15, what is 438 - 27417?
-26ece
In base 5, what is 10042301204 + -2?
10042301202
In base 4, what is 11 + 1011320011212?
1011320011223
In base 9, what is -5105434 - -25?
-5105408
In base 6, what is 20112 + 12500?
33012
In base 8, what is -3117 + 264?
-2633
In base 3, what is 121021201111002 + 12?
121021201111021
In base 3, what is 11011 - 10102201012202?
-10102201001121
In base 15, what is 1c8 + -19659a?
-1963c2
In base 13, what is 2407 + 3085?
54